{"id":3855,"date":"2022-07-28T10:27:35","date_gmt":"2022-07-28T08:27:35","guid":{"rendered":"https:\/\/comunicacionesbraun.net\/promociones\/?page_id=3855"},"modified":"2023-08-31T10:07:07","modified_gmt":"2023-08-31T08:07:07","slug":"5-anos-garantia-carestyle","status":"publish","type":"page","link":"https:\/\/comunicacionesbraun.net\/promociones\/5-anos-garantia-carestyle\/","title":{"rendered":"Promo 5 a\u00f1os de Garant\u00eda CareStyle 7 Pro 2023"},"content":{"rendered":"<p>[et_pb_section fb_built=\u00bb1&#8243; _builder_version=\u00bb4.17.4&#8243; _module_preset=\u00bbdefault\u00bb custom_margin=\u00bb-50px||||false|false\u00bb global_colors_info=\u00bb{}\u00bb][et_pb_row _builder_version=\u00bb4.17.4&#8243; _module_preset=\u00bbdefault\u00bb global_colors_info=\u00bb{}\u00bb][et_pb_column type=\u00bb4_4&#8243; _builder_version=\u00bb4.17.4&#8243; _module_preset=\u00bbdefault\u00bb global_colors_info=\u00bb{}\u00bb][et_pb_image src=\u00bbhttps:\/\/comunicacionesbraun.net\/promociones\/wp-content\/uploads\/Header_CareStyle-7-y-7-PRO_5-an\u0303os-Garantia.jpg\u00bb title_text=\u00bbHeader_CareStyle-7-y-7-PRO_5-an\u0303os-Garantia\u00bb _builder_version=\u00bb4.20.0&#8243; _module_preset=\u00bbdefault\u00bb custom_margin=\u00bb||32px|||\u00bb global_colors_info=\u00bb{}\u00bb][\/et_pb_image][et_pb_text _builder_version=\u00bb4.20.0&#8243; _module_preset=\u00bbdefault\u00bb text_font_size=\u00bb16px\u00bb custom_margin=\u00bb||-10px|||\u00bb global_colors_info=\u00bb{}\u00bb]<\/p>\n<p><strong>Braun CareStyle 7 y 7 Pro<\/strong>, son los centros de planchado m\u00e1s potentes de Braun. Goza de 5 a\u00f1os de garant\u00eda por la compra de tu centro de planchado CareStyle 7 Pro IS7282BL y IS72286BK y CareStyle 7 IS7266VI y IS7262GY.<\/p>\n<p>Promoci\u00f3n v\u00e1lida del 1 de marzo al 31 de diciembre de 2023.<\/p>\n<p>[\/et_pb_text][\/et_pb_column][\/et_pb_row][et_pb_row _builder_version=\u00bb4.17.4&#8243; _module_preset=\u00bbdefault\u00bb global_colors_info=\u00bb{}\u00bb][et_pb_column type=\u00bb4_4&#8243; _builder_version=\u00bb4.17.4&#8243; _module_preset=\u00bbdefault\u00bb global_colors_info=\u00bb{}\u00bb][et_pb_text _builder_version=\u00bb4.22.1&#8243; _module_preset=\u00bbdefault\u00bb hover_enabled=\u00bb0&#8243; global_colors_info=\u00bb{}\u00bb sticky_enabled=\u00bb0&#8243;]<\/p>\n<p class=\"gform_not_found\">\u00a1Vaya! No hemos podido localizar tu formulario.<\/p>\n<p>[\/et_pb_text][\/et_pb_column][\/et_pb_row][\/et_pb_section]<\/p>\n","protected":false},"excerpt":{"rendered":"<p>Braun CareStyle 7 y 7 Pro, son los centros de planchado m\u00e1s potentes de Braun. Goza de 5 a\u00f1os de garant\u00eda por la compra de tu centro de planchado CareStyle 7 Pro IS7282BL y IS72286BK y CareStyle 7 IS7266VI y IS7262GY. Promoci\u00f3n v\u00e1lida del 1 de marzo al 31 de diciembre de 2023.<p class=\"gform_not_found\">\u00a1Vaya! No hemos podido localizar tu formulario.<\/p><\/p>\n","protected":false},"author":1,"featured_media":0,"parent":0,"menu_order":0,"comment_status":"closed","ping_status":"closed","template":"","meta":{"_et_pb_use_builder":"on","_et_pb_old_content":"","_et_gb_content_width":"","footnotes":""},"class_list":["post-3855","page","type-page","status-publish","hentry"],"_links":{"self":[{"href":"https:\/\/comunicacionesbraun.net\/promociones\/wp-json\/wp\/v2\/pages\/3855","targetHints":{"allow":["GET"]}}],"collection":[{"href":"https:\/\/comunicacionesbraun.net\/promociones\/wp-json\/wp\/v2\/pages"}],"about":[{"href":"https:\/\/comunicacionesbraun.net\/promociones\/wp-json\/wp\/v2\/types\/page"}],"author":[{"embeddable":true,"href":"https:\/\/comunicacionesbraun.net\/promociones\/wp-json\/wp\/v2\/users\/1"}],"replies":[{"embeddable":true,"href":"https:\/\/comunicacionesbraun.net\/promociones\/wp-json\/wp\/v2\/comments?post=3855"}],"version-history":[{"count":11,"href":"https:\/\/comunicacionesbraun.net\/promociones\/wp-json\/wp\/v2\/pages\/3855\/revisions"}],"predecessor-version":[{"id":4045,"href":"https:\/\/comunicacionesbraun.net\/promociones\/wp-json\/wp\/v2\/pages\/3855\/revisions\/4045"}],"wp:attachment":[{"href":"https:\/\/comunicacionesbraun.net\/promociones\/wp-json\/wp\/v2\/media?parent=3855"}],"curies":[{"name":"wp","href":"https:\/\/api.w.org\/{rel}","templated":true}]}}

Promo 5 años de Garantía CareStyle 7 Pro 2023

<p>[et_pb_section fb_built=»1&#8243; _builder_version=»4.17.4&#8243; _module_preset=»default» custom_margin=»-50px||||false|false» global_colors_info=»{}»][et_pb_row _builder_version=»4.17.4&#8243; _module_preset=»default» global_colors_info=»{}»][et_pb_column type=»4_4&#8243; _builder_version=»4.17.4&#8243; _module_preset=»default» global_colors_info=»{}»][et_pb_image src=»https://comunicacionesbraun.net/promociones/wp-content/uploads/Header_CareStyle-7-y-7-PRO_5-años-Garantia.jpg» title_text=»Header_CareStyle-7-y-7-PRO_5-años-Garantia» _builder_version=»4.20.0&#8243; _module_preset=»default» custom_margin=»||32px|||» global_colors_info=»{}»][/et_pb_image][et_pb_text _builder_version=»4.20.0&#8243; _module_preset=»default» text_font_size=»16px» custom_margin=»||-10px|||» global_colors_info=»{}»]</p>
<p><strong>Braun CareStyle 7 y 7 Pro</strong>, son los centros de planchado más potentes de Braun. Goza de 5 años de garantía por la compra de tu centro de planchado CareStyle 7 Pro IS7282BL y IS72286BK y CareStyle 7 IS7266VI y IS7262GY.</p>
<p>Promoción válida del 1 de marzo al 31 de diciembre de 2023.</p>
<p>[/et_pb_text][/et_pb_column][/et_pb_row][et_pb_row _builder_version=»4.17.4&#8243; _module_preset=»default» global_colors_info=»{}»][et_pb_column type=»4_4&#8243; _builder_version=»4.17.4&#8243; _module_preset=»default» global_colors_info=»{}»][et_pb_text _builder_version=»4.22.1&#8243; _module_preset=»default» hover_enabled=»0&#8243; global_colors_info=»{}» sticky_enabled=»0&#8243;]</p>
<p class="gform_not_found">¡Vaya! No hemos podido localizar tu formulario.</p>
<p>[/et_pb_text][/et_pb_column][/et_pb_row][/et_pb_section]</p>

<p>Braun CareStyle 7 y 7 Pro, son los centros de planchado más potentes de Braun. Goza de 5 años de garantía por la compra de tu centro de planchado CareStyle 7 Pro IS7282BL y IS72286BK y CareStyle 7 IS7266VI y IS7262GY. Promoción válida del 1 de marzo al 31 de diciembre de 2023.<p class="gform_not_found">¡Vaya! No hemos podido localizar tu formulario.</p></p>
